
-5b
-37 (base 14) to base 5
-144
What is 5 (base 16) in base 13?
5
Convert -1 (base 10) to base 6.
-1
What is -10 (base 5) in base 10?
-5
Convert -1011101 (base 2) to base 6.
-233
Convert 114 (base 10) to base 5.
424
Convert -143 (base 6) to base 16.
-3f
Convert -524 (base 6) to base 11.
-169
7a (base 12) to base 5
334
-24 (base 5) to base 12
-12
1 (base 12) to base 10
1
What is 11100 (base 2) in base 13?
22
-111010 (base 2) to base 15
-3d
-5b (base 16) to base 15
-61
Convert -3 (base 10) to base 9.
-3
101 (base 3) to base 12
a
What is 3 (base 4) in base 3?
10
What is -104 (base 6) in base 12?
-34
Convert -19 (base 11) to base 10.
-20
-2 (base 3) to base 6
-2
What is -25 (base 13) in base 16?
-1f
-10001000 (base 2) to base 3
-12001
-1110 (base 3) to base 8
-47
Convert 9 (base 12) to base 9.
10
32 (base 11) to base 13
29
What is -53 (base 7) in base 14?
-2a
-111 (base 2) to base 15
-7
Convert -10 (base 2) to base 12.
-2
Convert 4 (base 11) to base 15.
4
-100 (base 3) to base 9
-10
-6 (base 10) to base 16
-6
4 (base 16) to base 15
4
What is 17 (base 8) in base 3?
120
What is -2 (base 10) in base 3?
-2
-11 (base 2) to base 15
-3
Convert -6 (base 13) to base 11.
-6
11011 (base 2) to base 5
102
What is 52 (base 12) in base 8?
76
-417 (base 9) to base 7
-664
What is 3 (base 8) in base 16?
3
Convert -9 (base 16) to base 6.
-13
What is -100 (base 5) in base 12?
-21
0 (base 9) to base 15
0
7 (base 14) to base 7
10
2 (base 16) to base 4
2
Convert -2 (base 12) to base 14.
-2
Convert 3 (base 7) to base 3.
10
2 (base 12) to base 10
2
-25 (base 8) to base 7
-30
What is -6 (base 9) in base 7?
-6
Convert 26 (base 7) to base 12.
18
0 (base 8) to base 10
0
What is 33 (base 5) in base 6?
30
7 (base 16) to base 6
11
Convert -206 (base 7) to base 11.
-95
82 (base 13) to base 3
10221
What is -16 (base 10) in base 3?
-121
What is -a6 (base 15) in base 5?
-1111
30 (base 4) to base 5
22
Convert 1d (base 15) to base 3.
1001
What is -13 (base 9) in base 7?
-15
Convert 2 (base 16) to base 14.
2
Convert -3 (base 11) to base 4.
-3
-1221 (base 3) to base 12
-44
Convert 1000110 (base 2) to base 7.
130
-1 (base 6) to base 3
-1
1 (base 13) to base 2
1
Convert 2 (base 9) to base 4.
2
0 (base 16) to base 2
0
What is -100011 (base 2) in base 6?
-55
6 (base 12) to base 11
6
What is -140 (base 10) in base 15?
-95
Convert 35 (base 12) to base 3.
1112
What is 3 (base 4) in base 3?
10
0 (base 13) to base 3
0
What is -12 (base 5) in base 14?
-7
Convert -23 (base 10) to base 3.
-212
5 (base 16) to base 2
101
Convert -12 (base 13) to base 4.
-33
-42 (base 5) to base 2
-10110
-98 (base 13) to base 5
-1000
-18 (base 9) to base 7
-23
What is -243 (base 11) in base 7?
-562
-3 (base 8) to base 7
-3
200 (base 4) to base 8
40
Convert -1 (base 10) to base 14.
-1
Convert 39 (base 12) to base 8.
55
-12 (base 8) to base 3
-101
What is -23 (base 8) in base 9?
-21
What is 1100101 (base 2) in base 16?
65
Convert -10 (base 2) to base 7.
-2
10 (base 4) to base 11
4
What is 57 (base 12) in base 9?
74
Convert 52 (base 14) to base 15.
4c
Convert 5 (base 7) to base 3.
12
3d (base 16) to base 14
45
Convert -1 (base 15) to base 7.
-1
What is -36 (base 10) in base 5?
-121
-6 (base 15) to base 7
-6
What is -62 (base 8) in base 15?
-35
What is -2 (base 9) in base 15?
-2
What is 34 (base 8) in base 5?
103
Convert -3 (base 12) to base 7.
-3
-8 (base 10) to base 6
-12
Convert e (base 16) to base 11.
13
2 (base 5) to base 2
10
Convert 12 (base 10) to base 6.
20
Convert -100000 (base 2) to base 9.
-35
Convert -8 (base 13) to base 3.
-22
Convert 302 (base 4) to base 13.
3b
What is -1 (base 9) in base 3?
-1
0 (base 15) to base 5
0
110010 (base 2) to base 11
46
-1 (base 5) to base 6
-1
What is -4 (base 11) in base 7?
-4
-4 (base 5) to base 6
-4
What is -231 (base 5) in base 2?
-1000010
-303 (base 4) to base 7
-102
-10 (base 8) to base 13
-8
What is 7 (base 16) in base 3?
21
3 (base 12) to base 14
3
Convert -102 (base 4) to base 5.
-33
Convert -2 (base 4) to base 8.
-2
Convert 17 (base 8) to base 7.
21
-6 (base 15) to base 4
-12
-3 (base 15) to base 9
-3
What is -12 (base 10) in base 3?
-110
-37 (base 9) to base 7
-46
30 (base 9) to base 13
21
Convert 1201 (base 3) to base 8.
56
What is 320 (base 5) in base 14?
61
What is 1 (base 2) in base 13?
1
What is 10 (base 6) in base 3?
20
-54 (base 8) to base 5
-134
Convert -5 (base 11) to base 8.
-5
-210 (base 5) to base 4
-313
Convert 222 (base 8) to base 5.
1041
2 (base 12) to base 15
2
What is -110 (base 4) in base 11?
-19
Convert 2 (base 3) to base 9.
2
What is 4 (base 14) in base 11?
4
Convert -15 (base 10) to base 15.
-10
What is -6 (base 14) in base 16?
-6
Convert -137 (base 8) to base 5.
-340
1 (base 2) to base 6
1
What is -7 (base 12) in base 14?
-7
What is -30 (base 7) in base 12?
-19
Convert 2 (base 10) to base 12.
2
-44 (base 6) to base 7
-40
-2 (base 9) to base 13
-2
What is -9 (base 14) in base 13?
-9
Convert -112 (base 9) to base 13.
-71
2 (base 4) to base 10
2
1 (base 2) to base 5
1
What is -3 (base 14) in base 16?
-3
-10200 (base 3) to base 8
-143
What is 1 (base 5) in base 7?
1
What is -1b (base 12) in base 6?
-35
2 (base 3) to base 13
2
3 (base 11) to base 10
3
What is 9 (base 13) in base 9?
10
64 (base 9) to base 13
46
Convert 13 (base 4) to base 9.
7
Convert 1 (base 12) to base 15.
1
Convert 2 (base 6) to base 4.
2
Convert 12 (base 8) to base 11.
a
Convert -3 (base 13) to base 4.
-3
Convert -1221 (base 5) to base 2.
-10111010
11 (base 14) to base 7
21
Convert -300 (base 5) to base 12.
-63
-34 (base 5) to base 7
-25
What is 212 (base 4) in base 6?
102
Convert 5 (base 14) to base 12.
5
10b (base 15) to base 4
3230
-1011 (base 2) to base 8
-13
What is -5 (base 6) in base 14?
-5
Convert 3 (base 5) to base 14.
3
Convert -1 (base 4) to base 10.
-1
-1 (base 15) to base 7
-1
Convert -7 (base 11) to base 13.
-7
What is 71 (base 16) in base 6?
305
Convert 0 (base 4) to base 3.
0
What is -4 (base 8) in base 14?
-4
What is 1 (base 13) in base 9?
1
-16 (base 15) to base 3
-210
Convert 13 (base 12) to base 2.
1111
-120 (base 5) to base 4
-203
What is 3 (base 7) in base 14?
3
-33 (base 14) to base 10
-45
3 (base 15) to base 8
3
What is 1 (base 5) in base 8?
1
What is -2 (base 3) in base 16?
-2
Convert 4 (base 13) to base 14.
4
Convert 2 (base 8) to base 12.
2
Convert 17 (base 12) to base 5.
34
5a (base 12) to base 5
240
Convert 65 (base 13) to base 2.
1010011
What is -aa (base 13) in base 15?
-95
84 (base 16) to base 8
204
153 (base 10) to base 12
109
Convert -5 (base 6) to base 8.
-5
Convert 4 (base 9) to base 2.
100
20 (base 3) to base 6
10
-3 (base 12) to base 7
-3
f (base 16) to base 3
120
216 (base 7) to base 2
1101111
Convert 19 (base 16) to base 12.
21
-24 (base 9) to base 3
-211
2102 (base 3) to base 5
230
What is -1331 (base 5) in base 13?
-138
1 (base 8) to base 12
1
14b (base 15) to base 9
358
-10 (base 4) to base 10
-4
Convert -1110 (base 2) to base 13.
-11
Convert 35 (base 7) to base 15.
1b
What is -3 (base 11) in base 15?
-3
-225 (base 7) to base 11
-a7
Convert -2b (base 16) to base 8.
-53
Convert 2 (base 6) to base 3.
2
Convert -176 (base 9) to base 3.
-12120
-110 (base 2) to base 3
-20
Convert 3 (base 15) to base 12.
3
Convert -4 (base 10) to base 2.
-100
9 (base 11) to base 15
9
15 (base 12) to base 14
13
35 (base 16) to base 5
203
Convert -39 (base 11) to base 14.
-30
Convert 5 (base 16) to base 6.
5
-3 (base 6) to base 15
-3
3 (base 4) to base 2
11
58 (base 12) to base 4
1010
Convert -211 (base 4) to base 3.
-1101
Convert 3 (base 6) to base 7.
3
What is 3 (base 6) in base 10?
3
Convert 21 (base 7) to base 16.
f
Convert -1130 (base 6) to base 7.
-534
-10 (base 4) to base 7
-4
1 (base 6) to base 3
1
2 (base 16) to base 13
2
What is 10 (base 7) in base 6?
11
-14 (base 9) to base 12
-11
What is -6 (base 8) in base 15?
-6
Convert 2 (base 12) to base 8.
2
12 (base 12) to base 11
13
What is 61 (base 9) in base 4?
313
What is 21 (base 5) in base 3?
102
What is 0 (base 7) in base 12?
0
What is 28 (base 12) in base 15?
22
-42 (base 14) to base 2
-111010
Convert -111 (base 10) to base 6.
-303
11 (base 8) to base 15
9
10 (base 5) to base 11
5
-3 (base 10) to base 3
-10
-2 (base 11) to base 8
-2
What is -120 (base 3) in base 12?
-13
Convert 3 (base 15) to base 